1
Let m(b) = 2*b**3 - 4*b**2 + b - 2. Let a be m(3). Calculate the highest common factor of 76 and a.
19
Suppose y + 3*a + a - 23 = 0, 78 = 3*y + 3*a. Calculate the highest common factor of 189 and y.
27
Let c = 7 + -12. Let h be 2/c + 264/10. What is the greatest common factor of h and 65?
13
Suppose 3*h = 1 + 2. Let u be (8/h)/((-6)/(-51)). Calculate the greatest common divisor of 17 and u.
17
Let l = -55 - -222. Let z = l - 90. What is the greatest common divisor of 11 and z?
11
Suppose n - 4*y - 3 = -11, -4*n + 24 = -2*y. Let v = 1 + n. What is the highest common factor of v and 9?
9
Let p be (-42)/(-6) - (-3)/(-3). Suppose 2*z = 5*x - 45, 5*x = -2*z + p + 39. Let a be (-2)/(-6) - (-51)/9. What is the greatest common divisor of a and x?
3
Suppose 0*s - 126 = -2*k + 4*s, 252 = 4*k - s. Let y(g) = g**2 - g + 1. Let i be y(3). Calculate the greatest common factor of k and i.
7
Let p(z) = z**2 - 8*z + 3. Let o be p(8). Calculate the highest common divisor of 33 and o.
3
Suppose -5*m + s + 77 = 0, m - 3*s - 9 - 12 = 0. What is the greatest common divisor of 45 and m?
15
Let h be (-470)/2*(-6 + 4 - -1). What is the greatest common divisor of h and 94?
47
Let n = -21 + 23. Let z be ((-50)/(-30))/(n/6). Calculate the highest common divisor of z and 25.
5
Suppose -a = -4*b - 60, b + 4*b = -20. Suppose 3*m - a - 4 = 0. Calculate the greatest common factor of 8 and m.
8
Let n(h) = -h + 10. Let s be n(-7). Suppose 5*i - 55 = -5*u, 2*i - s = -u + 4*u. What is the greatest common divisor of 30 and i?
10
Suppose 0 = 4*i - 2*i - 346. Suppose 0 = b - i + 41. What is the highest common divisor of 12 and b?
12
Suppose 0 = -5*d + 25, -5*t + 1315 = 5*d + 65. What is the greatest common divisor of t and 49?
49
Let t(i) = -i**2 - 4*i + 4. Let m be t(-4). Let r be (-1)/m - 807/(-12). Suppose 18 = 5*x - r. What is the highest common factor of 85 and x?
17
Let n be 2/(-6) + 1326/9. Suppose 0*c = 3*c - n. Let m = 9 + -2. Calculate the highest common divisor of m and c.
7
Let f(d) = 18*d - 9. Let x be f(7). Suppose -6*b - x = -7*b. What is the greatest common factor of 13 and b?
13
Suppose 4*g = -6*f + 3*f - 8, -2*g - 22 = -3*f. Calculate the highest common factor of 44 and f.
4
Let d = 4 + -2. Suppose z - 3*o - d*o = 61, -5*o = -5*z + 245. Let m be (-3)/(3/z)*-4. What is the highest common divisor of m and 23?
23
Let i = -57 - -121. Suppose -i = -5*f + 1. What is the greatest common factor of 39 and f?
13
Suppose 4 = s + 22. Let v = s + 38. Calculate the highest common divisor of v and 160.
20
Let a(m) = -m**3 + 8*m**2 - m + 9. Let r be a(7). What is the highest common factor of 102 and r?
51
Let s = 7 - -16. Let c(r) = 6*r**2 - 2*r - 2. Let h be c(3). What is the greatest common factor of s and h?
23
Let j be 3*1 + (-6)/6. Let k be (-645)/(-6) + j/4. Calculate the greatest common factor of k and 12.
12
Let t(r) = 4*r**2 - 2*r - 1. Let z be (-4)/(-10) + (-7)/5. Let y be t(z). What is the greatest common divisor of 55 and y?
5
Suppose 4*j - 92 - 76 = 0. Suppose -5*z = -j - 138. Calculate the greatest common divisor of 90 and z.
18
Suppose 4*k - 106 = 26. What is the highest common factor of k and 264?
33
Let z = 43 - 38. Calculate the greatest common factor of z and 2.
1
Suppose -a - 5 = -4*v - 2*a, 2*v = 5*a - 3. Let y = 0 - v. Let d be (-3)/(3/10*y). What is the highest common factor of 4 and d?
2
Suppose 0 = -5*t + 12 - 2. Suppose -171 = -t*x + 37. Let f = 33 + -20. Calculate the greatest common divisor of x and f.
13
Let k = -67 - -73. Calculate the highest common factor of k and 42.
6
Let q = -8 + 15. Let o = 21 + -26. Let d(b) = b**3 + 7*b**2 + 3*b - 7. Let i be d(o). What is the highest common divisor of i and q?
7
Let x = 50 + 6. Calculate the highest common divisor of x and 14.
14
Let f = -30 + 54. Let z be 8/(-2*1/(-66)). What is the highest common divisor of z and f?
24
Let t(n) = -n**2 - 5 - 7*n - 4*n**2 + 3*n**3 - 4*n**3 - 2. Let b be t(-5). What is the highest common divisor of 7 and b?
7
Let p(t) = -2*t - 5*t**3 - 5 - t**2 + 2 + 2. Let o be p(-1). Calculate the greatest common factor of 40 and o.
5
Let p be 1/(1*(-2)/4). Let d be -1*1 + (p - -3). Let c be (1 - d)/(3 + -2). What is the highest common divisor of c and 6?
1
Suppose -2*l = 4*y - 26, 2*l - l = -5*y + 10. Let r = 345 - 240. Calculate the greatest common factor of l and r.
15
Let s be (-5)/((-4)/16 + 0). Calculate the greatest common factor of 50 and s.
10
Let a(v) = -6*v - 9. Let j be a(-4). Calculate the highest common factor of 30 and j.
15
Let s(x) = x**3 + 4*x**3 - 12 - 4*x - 9*x**2 - 2*x**3 - 4*x**3. Let r = -23 + 14. Let w be s(r). Calculate the greatest common factor of w and 3.
3
Let v be 5/(39/(-10) - -4). What is the greatest common factor of v and 20?
10
Let l(y) = 4*y**3 - y**2 - 2*y. Let x be l(2). Let h = 115 + -109. What is the highest common factor of h and x?
6
Suppose -2*b = 2*b. Suppose b = o + 34 - 131. Let g = -57 + o. Calculate the greatest common factor of g and 16.
8
Let v(z) = 47 + 2*z**2 - 51 - z**2 + 7*z. Let q be v(-8). Calculate the greatest common factor of q and 44.
4
Let u(v) = v - 1. Let o be u(4). Suppose 52 = 4*m + 4*k, -4*m + o*k + 1 = -2*m. Calculate the highest common divisor of m and 32.
8
Let v be (-6)/(-15) - (-444)/15. Calculate the highest common factor of 6 and v.
6
Suppose 2*i + 36 = 4*q + 8, 4*q - 30 = i. What is the highest common factor of 1 and q?
1
Suppose 2 = -0*n + n. Calculate the greatest common factor of n and 4.
2
Let j(w) = -30*w - 40. Let r be j(-5). What is the greatest common divisor of r and 22?
22
Suppose s - 44 = -3*y, 3*y + 6*s = 2*s + 41. What is the highest common factor of y and 10?
5
Let m(i) = i**2 + 12*i + 17. Let b be m(-12). What is the highest common divisor of 136 and b?
17
Suppose -4*i - 3 + 5 = -2*z, -4*i + z + 7 = 0. What is the greatest common divisor of i and 6?
3
Suppose -3*v = v. Suppose -2*p + 33 + 84 = 5*k, v = 3*k - 4*p - 91. Calculate the greatest common factor of 25 and k.
25
Let k(x) = 14*x - 390. Let c be k(31). Let u = -13 + 35. Calculate the greatest common factor of u and c.
22
Let y(w) = w**2 - 7*w - 17. Let d be y(10). Let x = 40 + 103. Calculate the greatest common factor of d and x.
13
Let t(w) = -5*w - 8. Let l be (-6)/30 - (-29)/(-5). Let q be t(l). What is the highest common factor of q and 55?
11
Suppose -4*m + 0*o = 2*o - 4, -m - 3*o - 9 = 0. Suppose -26 - 26 = -k + 5*s, 0 = -m*k + 4*s + 134. Calculate the highest common factor of k and 28.
14
Let p = 20 - 31. Let y = p + 24. Let b(c) = 2*c**2 - 9*c + 9. Let o be b(8). Calculate the greatest common factor of o and y.
13
Let b(m) = m**2 + m - 1. Let l(y) = 3 + y**2 - 6 - 4*y**2. Let c(w) = -2*b(w) - l(w). Let v be c(5). Calculate the highest common divisor of 4 and v.
4
Let a be 34/6 + 8/(-12). Suppose a*q - 4*q = 52. What is the highest common factor of q and 13?
13
Let q(j) = 35*j**2 - j + 1. Let y be q(1). What is the greatest common divisor of y and 7?
7
Let f(z) be the first derivative of -z**4/4 - 7*z**3/3 + 5*z**2/2 - 12*z - 7. Let o be f(-8). What is the greatest common factor of 84 and o?
12
Let j(o) = o**3 - 7*o**2 + 5*o + 11. Let g be j(6). Calculate the greatest common divisor of 5 and g.
5
Let l be (-28)/(-84) + 88/6. Calculate the greatest common divisor of 75 and l.
15
Let y = 9 - 12. Let w be -1 - (y - 1*18). What is the highest common divisor of w and 8?
4
Suppose g - 186 = 2*m, 337 = g + g + 3*m. What is the greatest common factor of g and 11?
11
Let t = 123 - 83. What is the greatest common divisor of 20 and t?
20
Let t be (2 - (-3)/(-1)) + 88. Suppose -4*w = 5*c - 58 - 60, -3*c + 3*w + t = 0. What is the greatest common divisor of c and 65?
13
Let c = 27 + 11. What is the highest common factor of 418 and c?
38
Let u(m) = 4*m**3 + 3*m**2 - 2*m - 6. Let b be u(-6). Let j be (-4)/(-6) - b/9. Suppose l + 0*l - 14 = 0. What is the greatest common divisor of l and j?
14
Let j = -167 - -179. Calculate the highest common divisor of j and 30.
6
Let l(g) = 6*g - 6. Let t = -2 + 8. Let d = 12 - t. Let i be l(d). Calculate the highest common divisor of i and 6.
6
Suppose 0 = -9*d + 14*d - 125. What is the highest common factor of 15 and d?
5
Let w be 0*((-12)/8 + 1). Suppose -5*m - 32 + 912 = w. Calculate the greatest common diviso